ue
Does 161 divide 229108?
False
Is 706186 a multiple of 157?
True
Is 35 a factor of 227917?
False
Is 10 a factor of 353450?
True
Is 200 a factor of 8850400?
True
Does 179 divide 4766?
False
Is 358668 a multiple of 22?
False
Is 7 a factor of 3369735?
False
Is 41 a factor of 1216590?
False
Does 23 divide 804241?
True
Does 14 divide 4794832?
True
Is 50 a factor of 9700300?
True
Is 203619 a multiple of 681?
True
Is 32 a factor of 1442400?
True
Is 87230 a multiple of 65?
True
Is 34 a factor of 16116?
True
Is 207 a factor of 67131?
False
Does 65 divide 233564?
False
Does 94 divide 6261237?
False
Does 22 divide 466500?
False
Is 46 a factor of 215540?
False
Is 31 a factor of 666221?
True
Is 2837907 a multiple of 9?
True
Is 252 a factor of 1708686?
False
Is 10 a factor of 1405475?
False
Does 9 divide 2880306?
True
Is 312578 a multiple of 525?
False
Does 54 divide 120337?
False
Is 113265 a multiple of 135?
True
Does 524 divide 1819852?
True
Is 104 a factor of 210307?
False
Is 65 a factor of 4958359?
False
Does 29 divide 1165576?
False
Does 183 divide 1076589?
True
Does 21 divide 543459?
True
Is 4716678 a multiple of 121?
False
Is 52 a factor of 169572?
True
Does 32 divide 446024?
False
Is 127512 a multiple of 33?
True
Is 9148607 a multiple of 13?
True
Is 652 a factor of 1534156?
True
Does 481 divide 275613?
True
Is 428249 a multiple of 23?
False
Is 11 a factor of 1090936?
True
Does 159 divide 22578?
True
Does 12 divide 648862?
False
Is 4873200 a multiple of 310?
True
Does 325 divide 1120925?
True
Does 24 divide 9651940?
False
Is 1432932 a multiple of 258?
True
Is 17 a factor of 5985366?
False
Is 88044 a multiple of 12?
True
Is 3922111 a multiple of 37?
True
Is 275 a factor of 2241775?
False
Does 536 divide 100525?
False
Is 31283 a multiple of 6?
False
Is 59 a factor of 4307?
True
Is 842181 a multiple of 39?
False
Is 13097 a multiple of 44?
False
Does 121 divide 539176?
True
Is 414 a factor of 2875644?
True
Does 9 divide 7266465?
True
Is 145 a factor of 1054440?
True
Is 100302 a multiple of 34?
False
Is 4162591 a multiple of 184?
False
Does 1012 divide 6220764?
True
Is 1627472 a multiple of 11?
True
Is 268 a factor of 276287?
False
Does 815 divide 418644?
False
Does 482 divide 186855?
False
Is 44 a factor of 24141?
False
Does 36 divide 1227420?
True
Is 67949 a multiple of 571?
True
Is 14 a factor of 4345703?
False
Does 6 divide 123571?
False
Is 5755778 a multiple of 23?
False
Is 441945 a multiple of 1300?
False
Is 328861 a multiple of 617?
True
Does 13 divide 6966?
False
Is 257701 a multiple of 11?
False
Is 223 a factor of 405414?
True
Is 788088 a multiple of 168?
True
Is 3001645 a multiple of 2?
False
Does 739 divide 329594?
True
Is 11 a factor of 3131607?
False
Does 23 divide 59409?
True
Is 7753447 a multiple of 1035?
False
Is 5404 a multiple of 40?
False
Is 206273 a multiple of 18?
False
Is 118604 a multiple of 2?
True
Is 5669774 a multiple of 26?
False
Is 407 a factor of 351241?
True
Is 11 a factor of 483692?
True
Does 10 divide 59657?
False
Does 75 divide 324960?
False
Is 1805944 a multiple of 98?
True
Is 3 a factor of 1688331?
True
Is 2255 a multiple of 5?
True
Does 57 divide 367878?
True
Does 130 divide 578685?
False
Is 18 a factor of 34148?
False
Does 22 divide 20284?
True
Does 17 divide 484548?
False
Is 19 a factor of 6843240?
False
Is 3 a factor of 12889?
False
Is 491288 a multiple of 56?
True
Does 232 divide 5203760?
True
Does 4 divide 184000?
True
Does 13 divide 15990?
True
Does 106 divide 754872?
False
Does 43 divide 184887?
False
Is 94465 a multiple of 23?
False
Is 55 a factor of 8143960?
True
Is 26415 a multiple of 198?
False
Is 5 a factor of 39635?
True
Is 495225 a multiple of 279?
True
Does 6 divide 325174?
False
Is 4123486 a multiple of 450?
False
Is 37 a factor of 6971?
False
Does 77 divide 135289?
True
Does 58 divide 1096867?
False
Is 1149928 a multiple of 52?
True
Does 383 divide 367680?
True
Is 3947171 a multiple of 14?
False
Does 267 divide 9956586?
False
Is 941280 a multiple of 693?
False
Does 1119 divide 8781912?
True
Is 31 a factor of 368621?
True
Is 185696 a multiple of 112?
True
Does 139 divide 1633111?
True
Is 32870 a multiple of 95?
True
Is 9 a factor of 691659?
True
Is 34471 a multiple of 12?
False
Is 47 a factor of 12005962?
True
Is 19 a factor of 844341?
True
Is 4833103 a multiple of 649?
True
Is 15 a factor of 181830?
True
Does 81 divide 10413611?
False
Is 2049749 a multiple of 377?
True
Is 428264 a multiple of 67?
True
Is 9 a factor of 66491?
False
Is 5619420 a multiple of 30?
True
Is 3 a factor of 524838?
True
Is 89 a factor of 2098224?
False
Is 998195 a multiple of 11?
True
Is 91 a factor of 955682?
True
Is 74323 a multiple of 53?
False
Does 80 divide 750800?
True
Is 25 a factor of 410036?
False
Is 1060105 a multiple of 10?
False
Does 36 divide 799308?
True
Does 279 divide 590241?
False
Does 34 divide 12627770?
True
Does 17 divide 92356?
False
Is 18 a factor of 82872?
True
Does 25 divide 234320?
False
Is 18 a factor of 2882?
False
Is 33 a factor of 3517569?
True
Is 152982 a multiple of 27?
True
Is 47 a factor of 1084061?
False
Is 7903530 a multiple of 1282?
True
Is 384 a factor of 1194146?
False
Does 92 divide 3022292?
True
Is 16957220 a multiple of 20?
True
Is 277 a factor of 23407?
False
Does 54 divide 404379?
False
Is 20 a factor of 91203?
False
Is 3 a factor of 4790?
False
Is 482 a factor of 524898?
True
Is 131 a factor of 129559?
True
Does 15 divide 123900?
True
Does 80 divide 1037707?
False
Is 87002 a multiple of 82?
True
Is 3695916 a multiple of 715?
False
Does 22 divide 336226?
True
Is 91 a factor of 319501?
True
Does 362 divide 86348?
False
Is 25 a factor of 5571500?
True
Is 29 a factor of 30015?
True
Does 17 divide 159409?
True
Is 8791449 a multiple of 1467?
False
Is 1570 a multiple of 23?
False
Does 202 divide 1848585?
False
Is 330144 a multiple of 38?
True
Does 21 divide 831747?
True
Does 13 divide 502866?
True
Is 31064 a multiple of 44?
True
Is 2075892 a multiple of 13?
True
Is 162 a factor of 5668483?
False
Is 190806 a multiple of 3?
True
Does 37 divide 971213?
True
Is 556485 a multiple of 15?
True
Does 955 divide 4065491?
False
Is 6058345 a multiple of 101?
False
Is 3 a factor of 708606?
True
Is 10810968 a multiple of 1421?
True
Is 851088 a multiple of 149?
True
Is 38872 a multiple of 86?
True
Is 488 a factor of 72224?
True
Is 329450 a multiple of 110?
True
Is 44440 a multiple of 55?
True
Is 369958 a multiple of 239?
False
Does 267 divide 1795041?
True
Is 1996491 a multiple of 17?
False
Does 30 divide 3439260?
True
Is 111496 a multiple of 22?
True
Is 3723008 a multiple of 16?
True
Does 107 divide 676561?
True
Does 91 divide 2161436?
False
Is 23 a factor of 3547104?
False
Is 173 a factor of 8916798?
False
Does 95 divide 10010?
False
Does 60 divide 7502700?
True
Is 200525 a multiple of 5?
True
Does 5 divide 5020780?
True
Is 173673 a multiple of 5?
False
Does 10 divide 378780?
True
Does 77 divide 5282854?
False
Is 45 a factor of 234180?
True
Is 20 a factor of 393200?
True
Is 125 a factor of 77750?
True
Does 10 divide 4288776?
False
Is 169352 a multiple of 11?
False
Is 318519 a multiple of 9?
True
Is 1121124 a multiple of 6?
True
Does 212 divide 587153?
False
Does 155 divide 100299?
False
Is 3548424 a multiple of 11?
True
Is 81 a factor of 19770993?
False
Does 175 divide 327989?
False
Is 97 a factor of 435821?
True
Does 447 divide 8919438?
True
Does 187 divide 1534313?
False
Is 282240 a multiple of 112?
True
Is 418035 even?
False
Does 8 divide 17436?
False
Is 6900105 a multiple of 34?
False
Is 5 a factor of 1213181?
False
Is 26 a factor of 118794?
True
Is 17 a factor of 22093897?
True
Is 1045368 a multiple of 24?
True
Is 171842 a multiple of 142?
False
Does 20 divide 292637?
False
Is 775528 a multiple of 52?
True
Does 42 divide 87010?
False
Does 355 divide 4627663?
False
Is 67 a factor of 387997?
True
Is 4 a factor of 1628945?
False
Is 319128 a multiple of 6?
True
Does 4 divide 2586613?
False
Is 550096 a multiple of 466?
False
Does 14 divide 49728?
True
Does 23 divide 117884?
False
Is 15 a factor of 468419?
False
Is 356 a factor of 3478476?
True
Is 603442 a multiple of 14?
True
Is 104370 a multiple of 71?
True
Is 32 a factor of 227104?
True
Is 238 a factor of 1139782?
True
Is 403 a factor of 249860?
T